5*m = 5, 372*m = 2*k + 371*m + 9. Let r(z) = -4*z**2 + 5*z + 41. Determine r(k).
-43
Let l(r) = -6 + 2*r + 1 + 1 + 1. Let g(d) = 4*d**2 - 16*d - 5*d**2 - 18 + 7*d. Let b be g(-7). Calculate l(b).
-11
Let n(b) be the second derivative of b**5/20 + b**4/12 + b**3/6 + b**2/2 + 3*b + 3. Let d(w) = 3*w**3 - 3*w**2 + 9*w - 4. Let s(l) = -d(l) + 4*n(l). Give s(-8).
-16
Let o(l) = -5*l**2 + 22*l - 11. Suppose -2*g - 3 = 5*p - 16, p - 5*g = 35. Determine o(p).
-26
Let k(l) = 2*l**2 - 3*l - 1. Let n(z) = 3*z**2 - 3*z - 2. Let d(v) = -4*k(v) + 3*n(v). Suppose 126 - 39 = 29*h. Give d(h).
16
Let h(o) = -o + 3. Let s be ((-1380)/135)/((-2)/9). Suppose -15*y - s = 44. Give h(y).
9
Let i be ((-125)/10 + 8)*(-32)/(-12). Let w(t) = -t**3 - 11*t**2 + 16*t + 23. Calculate w(i).
-25
Let r = 87 + -87. Let o(s) = 303 + r*s - s**3 + 2*s + 6*s**2 - 305. Calculate o(5).
33
Let c(s) = -s + 0*s - 4*s - 17 + 2*s. Let r(f) = -f - 1. Let m(w) = c(w) - 4*r(w). What is m(10)?
-3
Let d(v) = -v**3 - 4*v**2 + 6*v + 6. Let s(l) = -14*l + 2*l**2 + 0*l + 7 + 0. Suppose -k - 5*u = -4*u - 7, -3*u - 9 = -2*k. Let p be s(k). Give d(p).
1
Let o(n) = 13*n**2 - 76*n + 95. Let c(x) = 3*x**2 - 18*x + 22. Let q(d) = -9*c(d) + 2*o(d). Calculate q(9).
1
Let v(i) = -i**2 + 9*i - 17. Let z = 2 + 2. Let a be v(z). Let d(m) = 308*m**3 - a - 3*m - 307*m**3 + 3*m**2 + 5*m. Give d(-3).
-9
Let b = -16 - -10. Let y(j) = -836*j + 167*j - 6 + 165*j + 159*j + 174*j + 170*j. What is y(b)?
0
Let l(c) = -4*c + 38. Let w be l(8). Let f(r) = r**2 - 7*r + 14. Let v be f(w). Let t(p) = p**2 - 9*p + 3. Determine t(v).
-5
Let q(m) be the second derivative of m**5/10 + m**4/4 - 5*m**3/3 - 3*m**2 + 6475*m. Calculate q(3).
45
Suppose 149*n = -145*n + 882. Let x(q) be the first derivative of 2*q**2 - 2/3*q**3 + 25 - n*q. Give x(2).
-3
Let q(p) be the second derivative of p**6/360 - 5*p**4/12 - 3*p**3/2 - p**2 - 51*p. Let z(i) be the second derivative of q(i). What is z(0)?
-10
Let y(o) = o**3 + 75*o**2 + 1407*o + 22. Let f be y(-37). Let x(v) = 6*v + 95. What is x(f)?
5
Let y(i) = -14*i**2 + 5*i - 1. Let z(f) = 8*f**2 + 1. Let m(o) = -o**2 + o. Let v(s) = 6*m(s) - z(s). Let a(d) = 3*v(d) - 4*y(d). Give a(1).
13
Let r(o) = -o**2 + 9*o. Let h(q) = q**2. Let i(y) = y**2 - 27*y + 1. Let n(a) = -2*h(a) - i(a). Let b(z) = 3*n(z) - 8*r(z). Give b(6).
15
Let f(j) = -j**3 - 9*j**2 - 10*j - 20. Let b(d) = -d**2 - 8*d + 25. Let t(c) = 2*c**3 - 2*c**2 + 3*c - 11. Let y be t(0). Let v be b(y). Determine f(v).
-4
Let s(g) = -g**3 + 27*g**2 - 174*g - 25. Let c(j) = -624*j - 4976. Let n be c(-8). What is s(n)?
7
Let v(m) = -m**2 - 2*m + 3. Let c be (-2)/(8/(-6))*-2. Let l be 8/44 - (c - 79/(-11)). Calculate v(l).
-5
Suppose -5*a - l = -37, 2 = -4*a - 3*l + 36. Let p(x) = -x**2 - 4*x + 2. Let v(f) = -2*f**2 - 8*f + 2. Let m(y) = a*p(y) - 4*v(y). Give m(-4).
6
Let h(q) be the third derivative of -q**5/30 - 11*q**4/12 - 2*q**3/3 - 2*q**2 - 5964*q + 2. Determine h(-6).
56
Let q(s) = 2*s**3 - 52*s**2 - 3*s + 72. Let i be q(26). Let u(w) = w**2 + 7*w + 3. Determine u(i).
-3
Let g = 3072 - 3068. Let l(m) = -2*m**2 + 5*m. Calculate l(g).
-12
Let r(w) = -7*w + 13. Suppose -21*a - 2354 + 2312 = 0. Give r(a).
27
Let x(z) = -6*z + 70. Let b be x(9). Let r(p) = -5*p**2 + 33 + p**3 - b - 23 + 0*p**2. Determine r(5).
-6
Let h(s) = 5*s**2 - 1 + 7*s + 7*s**2 - 45*s**2 + 26*s**2 + 4*s**2 + 2*s**2. Suppose m = 17 - 2. Suppose -11 = -i + u, -4*i - 2*u = -m - 5. Give h(i).
-1
Suppose 3*k - j - 18 = 0, 18 = 3*k - 3*j - 6. Let v(y) = 1 + 6*y - 93*y**2 + 48*y**2 + 44*y**2 + 7 - 17 + 5. Give v(k).
1
Let k(n) be the first derivative of -n**4/4 + 13*n**3/3 + 5*n**2 + 40*n - 3107. Determine k(14).
-16
Let u(k) = -2*k**2 + 12*k - 8. Let w be u(5). Let v(m) = -5 + 3*m - w*m + m + 4. Suppose -4*r + 9*r = 15. Give v(r).
5
Let g(n) = -n**3 + 7*n**2 - 21*n + 85. Let j be g(6). Let h(r) = -5*r**2 + 12. Let o(a) = -4*a**2 + a + 11. Let s(t) = -5*h(t) + 6*o(t). Give s(j).
1
Let t(s) = 7 + s - 1 - 2 - 1. Suppose 0 = 2*i + 1 - 9. Let r be ((-6)/i*1)/(15/30). Give t(r).
0
Let n(f) = f**3 - 2*f**2 - 5*f - 2. Let d = -4021 + 4018. Determine n(d).
-32
Let w(u) be the third derivative of -u**5/60 + u**4/24 + 13*u**3/6 - 3*u**2. Suppose -290 = 3*h + 2*r, -2*h - 5*r - 382 = 2*h. Let t = 98 + h. Calculate w(t).
13
Let x(j) = -3*j**2 - 35*j - 35. Let o(b) = -b**2 - 13*b - 12. Let s(g) = 17*o(g) - 6*x(g). Determine s(6).
-24
Let v = 23 + -39. Let d = v - -41. Suppose -z = -4*i + 2*z - d, i + 5*z = -12. Let u(c) = -c - 5. Give u(i).
2
Let h = -5644 + 5649. Let n(a) = -a**2 - 3*a + 4. Determine n(h).
-36
Let w(l) = 2*l**2 - 18*l + 17. Suppose -13*r = -4*a - 17*r + 28, -14 = -2*a - 3*r. What is w(a)?
-11
Let y = -9923 - -9925. Let o(b) be the third derivative of b**6/60 - b**5/60 - b**4/24 - 2*b**2. Give o(y).
10
Let g be (-8)/(-20) + ((-9)/(-15) - -1). Let l(i) = -6*i**3 - 2 + 5*i**3 + 6 + 8*i**g - 22 + 11*i. Give l(9).
0
Let k(g) = 2*g + 77. Let p be k(-33). Let l(r) = 10*r + 63. Let n(q) = 4*q + 21. Let x(w) = -3*l(w) + 8*n(w). Calculate x(p).
1
Suppose -z + 85 = -f + 65, f = -4*z + 90. Let q(o) = -o**2 + 17*o + 94. Determine q(z).
-16
Let u(d) = -d**2 + 3. Let z be u(-3). Let g(i) be the second derivative of -i**3/2 - 13*i**2/2 + 1114*i. Determine g(z).
5
Let w(r) = 8*r + 2. Let l be w(6). Suppose 0*f = -f + l. Suppose -6*n - f = -14. Let a(g) = g**2 + 7*g + 3. Determine a(n).
-3
Let o(q) be the first derivative of q**2/2 - 4*q + 2541. Give o(-9).
-13
Let d(p) = 7*p - 116. Suppose -n = -q + 22, 85*q - 88*q + 2*n = -61. Give d(q).
3
Let b(r) be the third derivative of -r**5/60 - r**4/24 + r**3/3 - 310825*r**2. Suppose 2*o - 4 = -2. Suppose 3*g = 2*d + o, 2*g + 3*d + d = 22. Calculate b(g).
-10
Suppose 0 = 11*c + 13 - 35. Let t(x) = -17 - 4*x**c - 16 - 18 + 52. Give t(-1).
-3
Let k(b) be the third derivative of 0*b - 1/60*b**5 + 35*b**2 + 0 + 1/24*b**4 + 5/6*b**3. What is k(4)?
-7
Let m(k) = -3*k**2 + 5*k. Suppose -12*c - 58 = -41 - 41. Calculate m(c).
-2
Let n(h) = 1 + 3*h + h - h. Let g be -2 - (16/(-120)*-5)/(6/(-36)). Calculate n(g).
7
Let v(o) be the third derivative of -7*o**4/24 - 77*o**3/6 + 5828*o**2. Determine v(-13).
14
Let j be -2 + -1 - (-3 - (60 + 12)). Suppose 38*r - 50*r = j. Let y(a) = -a**2 - a + 5. Determine y(r).
-25
Let i be 1*(3 - (-12 - 3)*-1). Let p(v) = -v**2 - 12*v - 7. Let k be p(i). Let d(m) = -m**3 - 8*m**2 - 8*m. Give d(k).
7
Let w be (-2 + 4/(-3))/((-380)/456). Let o(t) be the second derivative of 2*t - 2/3*t**3 + 1/20*t**5 + 2*t**2 + 0 - 1/4*t**4. Calculate o(w).
4
Let m = -112 + 114. Let v(h) = 4*h - m*h**3 - 3*h**2 - h**3 + 0*h**2 + 2*h**3 + 2. Give v(-4).
2
Let y(x) = -416*x**3 - 406*x**3 - 8*x - 409*x**3 + 31*x + 1230*x**3 + 6 + 22*x**2. Calculate y(23).
6
Let g be (-66)/4*(22 - 18). Let w be 18/(-10)*55/g*2. Let z(h) = -h**3 + 4*h**2 - 3*h + 4. What is z(w)?
4
Let l(p) = 10*p + 187. Let h be -6 + ((6 - -2)/8)/1*-14. Give l(h).
-13
Let l(b) = -3*b**3 + 4*b. Let q be l(2). Let t = -13 - q. Let i(g) = -t*g + 6*g + 0*g + 0*g - 3. Give i(3).
6
Let s be 1/(63/(-1848) - 2/(-16)). Let v(h) = 5*h - 36. Give v(s).
19
Let n = 12 + -16. Let k(p) = -p**3 - 3*p**2 + 5*p. Let j be k(n). Let c(m) = 7*m**2 + 75 + 6*m - 6*m**2 - 70. Calculate c(j).
-3
Let c = 456 + -447. Let d(y) = 6 - c - y**2 - 8*y - 9 - 2. What is d(-7)?
-7
Let x be 0*(0 + 1)/1. Let a be -1 - x - 0/1. Let k(m) = -1350*m - 27. Let s(q) = -2892*q - 58. Let l(j) = 15*k(j) - 7*s(j). Give l(a).
7
Let r = -16334 - -16344. Let n(c) = -c**2 + 12*c - 19. Calculate n(r).
1
Suppose -13 = -13*s - 0. Let w(q) = 67 + 31 - 97 - 45*q. Determine w(s).
-44
Suppose 4*v = 2*n + 36, -4*v - 29*n = -34*n - 42. Let x(g) be the first derivative of -g**2/2 - 5*g + 59. What is x(v)?
-13
Let q(y) = 7*y**2 - 11*y - 11. Let o(j) = -9*j**2 + 12*j + 10. Suppose -5*i = 4*t, 66 = 5*i - 5*t + 21. Let l(w) = i*q(w) + 3*o(w). Calculate l(10).
6
Suppose 0*a + 53 = a. Let x = a - 41. Let w(v) = v**2 - 14*v + 20. Let l be w(x). Let n(y) = y**2 + 4*y + 1. Determine n(l).
1
Let y(i) = i**2 + 54*i - 122. Let r be y(-56). Let c(k) = k**3 + 8*k**2 - 15*k - 7. What is c(r)?
-57
Let q = -263 - -284. Suppose 0 = -8*r - q*r - 116. Let h(b) = -b**3 - 4*b**2 + 3*b + 2. Calculate h(r).
-10
Let n(q) be the third derivative of -1 + 1/60*q**5 